 35 is divided by u?
11
Let f = 1223 + -830. What is the remainder when f is divided by 106?
75
Suppose -c = 2*b - 20, -3*b + 2*c + 3 = -13. Suppose 128 = 5*y + 4*r, -7*r - 15 = -2*r. What is the remainder when y is divided by b?
4
Let d = -2504 - -2511. Let b be (2/(-5))/(1/25). Calculate the remainder when 4/b - 97/(-5) is divided by d.
5
Calculate the remainder when 54 is divided by 3/9 - ((-105)/9 + -2).
12
Suppose 3*q + 8*r = 3*r + 53, -4*r = 3*q - 55. Calculate the remainder when 64 is divided by q.
1
Let g = -195 + 264. What is the remainder when g is divided by 26?
17
Calculate the remainder when 9/6 - (-183)/2 is divided by -9 + 15/3 - (-1 - 35).
29
Let c = -7 - -7. Let g = c - -32. What is the remainder when 62 is divided by g?
30
Let f be 4 + -2*(-4)/(-8). Suppose -3*w - 114 = -3*v, -6 + 15 = f*w. Calculate the remainder when v is divided by (-166)/(-12) + 2/12.
13
What is the remainder when 77 is divided by 23/3 - -12 - (-2)/6?
17
Suppose 3*z = -c + 73, 0*z - 3*z + 68 = -4*c. Suppose -3*w - 2*f + 31 = -5, 2*w + 5*f = z. Calculate the remainder when 33 is divided by w.
9
Let j = -9 - -19. Let c be (-186)/10 + (-4)/j. Let v = -16 - c. Calculate the remainder when v is divided by 1.
0
Let j = 284 - 269. What is the remainder when 34 is divided by j?
4
Let w = 26 + -2. What is the remainder when ((-30)/80)/((-5)/920) is divided by w?
21
Let o(u) = 19*u - 39. What is the remainder when o(14) is divided by 78?
71
Let r(b) = -b**3 - 2*b**2 + 3*b + 15. What is the remainder when 24 is divided by r(-3)?
9
Let m be (-595)/(-10) - 6/(-4). Let w = m - 29. What is the remainder when w is divided by 11?
10
Let p(r) be the third derivative of 17*r**4/24 + r**3/3 + 45*r**2. Calculate the remainder when 67 is divided by p(2).
31
Let u = -29 - -29. Suppose 3*k - 57 = -u*k. What is the remainder when k is divided by 7?
5
Let a = -47 + 35. Let i = 2 - a. Suppose 10 = 3*n - 14. What is the remainder when i is divided by n?
6
Let t = -12 + 2. Let n(y) = -2*y - 3. Let i(k) = k + 2. Let u(h) = 7*i(h) + 4*n(h). Calculate the remainder when u(t) is divided by 5.
2
Suppose 4*d + 16 - 40 = 0. What is the remainder when 8 is divided by ((14/(-21))/(-1))/(2/d)?
0
Let g(l) = -2*l**3 - 9*l**2 - 14*l - 17. Calculate the remainder when g(-6) is divided by 10.
5
Let b = 16 - -16. Let k(a) = -4*a - 31. What is the remainder when b is divided by k(-12)?
15
Let b(k) = -k - 3 - 9 - 9 - 2*k. Calculate the remainder when 57 is divided by b(-12).
12
Suppose 0 = o - 4*o + 414. Calculate the remainder when o is divided by (3/(-36))/((-1)/412) - 2/(-3).
33
What is the remainder when 51 is divided by ((-6)/(-9))/(7/168)?
3
Let l = -44 - -99. Let t = 165 - 151. Calculate the remainder when l is divided by t.
13
Let j = 21 - 13. Suppose 6*c = 2*c + 180. Suppose 0 = 2*y - 2*l - 36, -2*y + 0*y + c = -5*l. Calculate the remainder when y is divided by j.
7
Suppose 2*y + 243 = -5*g, -2*g = g + 2*y + 145. Let a = g - -55. Calculate the remainder when 8 is divided by a.
2
Let w be (-6)/(-9) - (-49)/3. Let t = w - 13. Let s(v) = 4*v + 3. What is the remainder when s(t) is divided by 5?
4
Let o = 245 + -258. Let b be (-136)/(-14) + (-2)/(-7). Let f = b - o. Calculate the remainder when 91 is divided by f.
22
Let n(k) = k**2 - 9*k + 17. Suppose 5*s = -4*x + 22, 4*x - 4*s - 45 + 5 = 0. Calculate the remainder when 35 is divided by n(x).
8
Suppose q = 5*j - 25, 5*j + q = -2*q + 45. What is the remainder when j/(-4)*1394/(-51) is divided by 14?
13
Let a = -95 + 102. Suppose z - 38 = -5*x, 4*x - a*x = -4*z + 60. What is the remainder when 51 is divided by z?
15
Suppose -m + 83 = -r + 86, r - 1 = 3*m. Calculate the remainder when ((-8)/6)/(-2)*21 is divided by r.
2
Let q(n) = -2*n**3 + 18*n**2 + 65*n - 13. Calculate the remainder when q(10) is divided by 11.
8
Suppose -7 = 3*p - 4*p. Suppose 4*z = p*z - 69. What is the remainder when (-26)/(-104) + (-179)/(-4) is divided by z?
22
Suppose -a = -2*a + 35. What is the remainder when 1358/a*5/2 is divided by 25?
22
Let m(l) = -9*l - 16*l**2 + 9*l**2 + l**3 + 9 + 8*l**2. Calculate the remainder when m(4) is divided by 12.
5
Suppose -2*g + 2 - 8 = 0, -2*w + 2*g + 18 = 0. Suppose -w*d + 174 = -102. Suppose 4*i - 64 = -0*i. What is the remainder when d is divided by i?
14
Suppose -10*j + 203 = -627. What is the remainder when j is divided by 14?
13
Let a(z) = -z**3 - 14*z**2 + 16*z - 65. Calculate the remainder when a(-16) is divided by 40.
31
Let i = -277 - 91. Suppose -2*t + 2 = -36. Calculate the remainder when i/(-5) + (-10)/(-25) is divided by t.
17
Let x be (-2)/3 - (-476)/21. Suppose -2*l - 10 = -4*s, 4*l + 4*s = 2*l + x. Let q = 42 + -31. What is the remainder when q is divided by l?
2
Let d(j) = 4*j**3 - 12*j**2 - 4*j + 11. Calculate the remainder when d(4) is divided by 23.
13
Let z be (-21)/(-3 + (-4)/(-1)). Let i be (-4)/6 + 133/z. What is the remainder when (-2 + 0)/(i/245) is divided by 18?
16
Suppose -314*i + 84 = -310*i. Let b = 63 - 16. What is the remainder when b is divided by i?
5
Suppose -5*g - 42 = -7*g. Suppose -u + g = -z, 3*z = -5*u - 21 + 150. Calculate the remainder when 47 is divided by u.
23
Let v = 12 + 2. Suppose -3*p - 8*p + 55 = 0. Calculate the remainder when v is divided by p.
4
Let n(q) = -q**3 + 2*q**2 + 2*q - 4. Let z be n(-3). Suppose 3*x - 4*l = 34, 2*x - 1 - 15 = 4*l. Let w = z - x. What is the remainder when w is divided by 9?
8
Let s = 3 - 3. What is the remainder when (-6)/(s - 1/1) is divided by 3?
0
Let r(h) = 11*h + 103. What is the remainder when 284 is divided by r(-5)?
44
Let q(g) = 65*g - 316. Calculate the remainder when 44 is divided by q(5).
8
Suppose 2*l + 3*z - 2 - 39 = 0, 3*z + 9 = 0. Let s = -12 + l. Suppose 7*i = 461 - 111. Calculate the remainder when i is divided by s.
11
Let g be 4 + (-4 - 8/(-4)). Suppose -6 + 3 = -m + 5*k, m + 3 = g*k. Calculate the remainder when 16*(-1 + m/(-4)) is divided by 7.
5
What is the remainder when 8*(-7)/((-28)/101) is divided by 41?
38
Let p(z) = z**3 + 2*z**2 + z + 21. Calculate the remainder when p(0) is divided by (-22)/4*(-7 + 5).
10
Let l be 2*1 - (-20 + 32). Let p = 14 + l. What is the remainder when 9 is divided by (-35)/(-10) - 2/p?
0
Suppose 8*y - 3*y = u + 21, 3*u = 2*y + 2. Calculate the remainder when (2 - 32)*(-1)/2 is divided by u.
3
Calculate the remainder when 95466/28 + 18 - 2/4 is divided by 14.
11
Let k be 2 - (-4 + 11*-9). Suppose 5*n = -5*d + k, -2*d - 3*d + 55 = -5*n. Calculate the remainder when 47 is divided by d.
15
Let t = -67 - -82. Suppose 17*l - 56 = 15*l. Calculate the remainder when l is divided by t.
13
Suppose 0 = 21*u - 14*u - 168. Calculate the remainder when 78 is divided by u.
6
Suppose b = 4*c + c + 99, 0 = -4*b - c + 396. What is the remainder when b is divided by 50?
49
Let b(h) = h**3 - 13*h**2 - 52*h + 74. What is the remainder when 399 is divided by b(16)?
9
Let m(t) = -t - 23. Let b(s) = -1. Let l(x) = -3*b(x) - m(x). Let u = -27 - -38. What is the remainder when l(-7) is divided by u?
8
Let z = -534 - -555. Let j(i) = 0*i**2 + i + 13*i**3 - 3*i**2 - 4*i**3. Calculate the remainder when j(2) is divided by z.
20
Calculate the remainder when 147/(-294) - 2/((-4)/283) is divided by 16.
13
Let x = 9 - 9. Suppose 0 = -7*k + 9*k - 180. Suppose -5*r + k = 5*l, 5*r - l - l - 55 = x. Calculate the remainder when 37 is divided by r.
11
Let s be (-38)/(-14) + (-4)/(-14). Suppose -2*o - 3*z + 57 = o, -5*o = s*z - 101. Calculate the remainder when 109 is divided by o.
21
Let d = -159 - -164. What is the remainder when 15 - ((0 - -3) + -2) is divided by d?
4
Suppose -28*z + 384 = -16*z. Calculate the remainder when 47 is divided by z.
15
Suppose 0 = -5*j + 4*u + 423, -5*j + 5*u - 6*u = -438. Calculate the remainder when j is divided by 18.
15
Let w = -89 - -93. Calculate the remainder when w is divided by 2.
0
Suppose -4*g = -146 + 34. What is the remainder when 559 is divided by g?
27
Suppose 11 = -m + 14. Let o(b) = 2*b**2 - 3*b - 4. Let c be o(m). Suppose 2*w - h = 72, 3 = 4*h - c. What is the remainder when w is divided by 13?
11
Suppose -148 - 107 = -3*x. What is the remainder when x is divided by (1/4)/((-2)/(-176))?
19
Let q be (15/20)/(2/64). Let s = q + 0. Suppose z = -3*z + 36. What is the remainder when s is divid